 10.
1
What is the remainder when 388 is divided by 132?
124
Calculate the remainder when 315 is divided by 152.
11
What is the remainder when 3167 is divided by 88?
87
Calculate the remainder when 490 is divided by 12.
10
What is the remainder when 5235 is divided by 18?
15
Calculate the remainder when 43 is divided by 5.
3
Calculate the remainder when 300 is divided by 76.
72
Calculate the remainder when 670 is divided by 42.
40
What is the remainder when 723 is divided by 17?
9
Calculate the remainder when 102 is divided by 21.
18
Calculate the remainder when 977 is divided by 15.
2
Calculate the remainder when 413 is divided by 31.
10
What is the remainder when 601 is divided by 98?
13
What is the remainder when 1220 is divided by 39?
11
Calculate the remainder when 143 is divided by 48.
47
Calculate the remainder when 184 is divided by 67.
50
What is the remainder when 5238 is divided by 13?
12
What is the remainder when 81 is divided by 43?
38
What is the remainder when 1088 is divided by 88?
32
Calculate the remainder when 37 is divided by 15.
7
What is the remainder when 843 is divided by 288?
267
Calculate the remainder when 5083 is divided by 28.
15
Calculate the remainder when 49 is divided by 26.
23
What is the remainder when 198 is divided by 50?
48
What is the remainder when 391 is divided by 28?
27
Calculate the remainder when 35 is divided by 21.
14
What is the remainder when 44 is divided by 35?
9
Calculate the remainder when 486 is divided by 17.
10
What is the remainder when 114 is divided by 19?
0
What is the remainder when 575 is divided by 16?
15
Calculate the remainder when 77 is divided by 18.
5
Calculate the remainder when 1358 is divided by 22.
16
Calculate the remainder when 46 is divided by 30.
16
What is the remainder when 1114 is divided by 553?
8
What is the remainder when 77 is divided by 52?
25
Calculate the remainder when 169 is divided by 21.
1
What is the remainder when 233 is divided by 40?
33
Calculate the remainder when 415 is divided by 22.
19
What is the remainder when 1797 is divided by 18?
15
What is the remainder when 125 is divided by 12?
5
What is the remainder when 1572 is divided by 158?
150
Calculate the remainder when 93 is divided by 32.
29
What is the remainder when 45 is divided by 22?
1
Calculate the remainder when 381 is divided by 35.
31
What is the remainder when 189 is divided by 119?
70
What is the remainder when 1060 is divided by 134?
122
What is the remainder when 277 is divided by 2?
1
What is the remainder when 237 is divided by 38?
9
Calculate the remainder when 1639 is divided by 41.
40
Calculate the remainder when 186 is divided by 11.
10
Calculate the remainder when 328 is divided by 15.
13
What is the remainder when 2031 is divided by 185?
181
What is the remainder when 1583 is divided by 44?
43
What is the remainder when 281 is divided by 55?
6
Calculate the remainder when 3072 is divided by 44.
36
Calculate the remainder when 956 is divided by 186.
26
Calculate the remainder when 752 is divided by 13.
11
What is the remainder when 910 is divided by 902?
8
Calculate the remainder when 9125 is divided by 326.
323
Calculate the remainder when 823 is divided by 399.
25
Calculate the remainder when 68 is divided by 62.
6
Calculate the remainder when 601 is divided by 150.
1
Calculate the remainder when 329 is divided by 15.
14
Calculate the remainder when 66 is divided by 33.
0
What is the remainder when 126 is divided by 45?
36
What is the remainder when 1197 is divided by 200?
197
What is the remainder when 172 is divided by 89?
83
Calculate the remainder when 1258 is divided by 1247.
11
Calculate the remainder when 57 is divided by 16.
9
What is the remainder when 788 is divided by 776?
12
What is the remainder when 358 is divided by 24?
22
What is the remainder when 418 is divided by 72?
58
What is the remainder when 326 is divided by 42?
32
What is the remainder when 2244 is divided by 274?
52
What is the remainder when 215 is divided by 27?
26
What is the remainder when 696 is divided by 81?
48
What is the remainder when 142 is divided by 23?
4
Calculate the remainder when 612 is divided by 20.
12
What is the remainder when 415 is divided by 213?
202
Calculate the remainder when 5277 is divided by 35.
27
Calculate the remainder when 1429 is divided by 13.
12
Calculate the remainder when 4030 is divided by 1341.
7
What is the remainder when 2287 is divided by 104?
103
Calculate the remainder when 561 is divided by 94.
91
What is the remainder when 706 is divided by 12?
10
What is the remainder when 125 is divided by 19?
11
What is the remainder when 89 is divided by 15?
14
Calculate the remainder when 370 is divided by 128.
114
What is the remainder when 815 is divided by 220?
155
What is the remainder when 415 is divided by 117?
64
What is the remainder when 1723 is divided by 37?
21
Calculate the remainder when 19078 is divided by 30.
28
What is the remainder when 1033 is divided by 22?
21
Calculate the remainder when 495 is divided by 104.
79
What is the remainder when 618 is divided by 613?
5
What is the remainder when 1671 is divided by 54?
51
What is the remainder when 346 is divided by 7?
3
Calculate the remainder when 519 is divided by 26.
25
What is the remainder when 764 is divided by 43?
33
What is the remainder when 6389 is divided by 80?
69
What is the remainder when 5006 is divided by 57?
47
Calculate the remainder when 2532 is divided by 181.
179
What is the remainder when 271 is divided by 17?
16
Calculate the remainder when 74 is divided by 32.
10
Calculate the remainder when 1027 is divided by 358.
311
What is the remainder when 305 is divided by 34?
33
Calculate the remainder when 1385 is divided by 22.
21
Calculate the remainder when 887 is divided by 69.
59
Calculate the remainder when 60 is divided by 52.
8
Calculate the remainder when 163 is divided by 28.
23
What is the remainder when 64 is divided by 12?
4
Calculate the remainder when 2416 is divided by 31.
29
What is the remainder when 95 is divided by 10?
5
Calculate the remainder when 435 is divided by 27.
3
Calculate the remainder when 86 is divided by 22.
20
What is the remainder when 844 is divided by 65?
64
Calculate the remainder when 1973 is divided by 24.
5
What is the remainder when 84 is divided by 25?
9
Calculate the remainder when 928 is divided by 244.
196
Calculate the remainder when 539 is divided by 103.
24
What is the remainder when 4167 is divided by 2073?
21
Calculate the remainder when 1039 is divided by 12.
7
Calculate the remainder when 1716 is divided by 212.
20
Calculate the remainder when 1323 is divided by 6.
3
Calculate the remainder when 683 is divided by 76.
75
What is the remainder when 148 is divided by 80?
68
What is the remainder when 178 is divided by 19?
7
What is the remainder when 735 is divided by 182?
7
Calculate the remainder when 2783 is divided by 87.
86
What is the remainder when 2873 is divided by 286?
13
Calculate the remainder when 68202 is divided by 34.
32
What is the remainder when 1624 is divided by 6?
4
What is the remainder when 3179 is divided by 199?
194
Calculate the remainder when 1234 is divided by 138.
130
Calculate the remainder when 737 is divided by 56.
9
What is the remainder when 3430 is divided by 249?
193
Calculate the remainder when 53 is divided by 27.
26
Calculate the remainder when 73 is divided by 4.
1
Calculate the remainder when 34 is divided by 6.
4
Calculate the remainder when 279 is divided by 85.
24
What is the remainder when 452 is divided by 23?
15
What is the remainder when 90 is divided by 32?
26
What is the remainder when 2536 is divided by 43?
42
What is the remainder when 147 is divided by 31?
23
What is the remainder when 1640 is divided by 66?
56
What is the remainder when 495 is divided by 494?
1
What is the remainder when 154 is divided by 29?
9
Calculate the remainder when 72 is divided by 11.
6
Calculate the remainder when 101 is divided by 6.
5
What is the remainder when 4182 is divided by 70?
52
Calculate the remainder when 81 is divided by 8.
1
Calculate the remainder when 628 is divided by 37.
36
Calculate the remainder when 393 is divided by 110.
63
What is the remainder when 25 is divided by 18?
7
C